{"id":57,"date":"2023-01-11T22:45:26","date_gmt":"2023-01-11T22:45:26","guid":{"rendered":"https:\/\/discom.pl\/?page_id=57"},"modified":"2023-01-12T01:18:59","modified_gmt":"2023-01-12T01:18:59","slug":"informatyka","status":"publish","type":"page","link":"https:\/\/www.discom.pl\/index.php\/informatyka\/","title":{"rendered":"Informatyka"},"content":{"rendered":"\n<h3 class=\"wp-block-heading\"><strong>Przyk\u0142ady us\u0142ug informatycznych<\/strong><\/h3>\n\n\n\n<figure class=\"wp-block-image size-full\"><img loading=\"lazy\" decoding=\"async\" width=\"775\" height=\"500\" src=\"http:\/\/discom.pl\/wp-content\/uploads\/2023\/01\/klawiatura-uslugi-informatyczne.jpg\" alt=\"\" class=\"wp-image-122\" srcset=\"https:\/\/www.discom.pl\/wp-content\/uploads\/2023\/01\/klawiatura-uslugi-informatyczne.jpg 775w, https:\/\/www.discom.pl\/wp-content\/uploads\/2023\/01\/klawiatura-uslugi-informatyczne-300x194.jpg 300w, https:\/\/www.discom.pl\/wp-content\/uploads\/2023\/01\/klawiatura-uslugi-informatyczne-768x495.jpg 768w, https:\/\/www.discom.pl\/wp-content\/uploads\/2023\/01\/klawiatura-uslugi-informatyczne-230x148.jpg 230w, https:\/\/www.discom.pl\/wp-content\/uploads\/2023\/01\/klawiatura-uslugi-informatyczne-350x226.jpg 350w, https:\/\/www.discom.pl\/wp-content\/uploads\/2023\/01\/klawiatura-uslugi-informatyczne-480x310.jpg 480w\" sizes=\"auto, (max-width: 775px) 100vw, 775px\" \/><\/figure>\n\n\n\n<ul class=\"wp-block-list\">\n<li>zarz\u0105dzanie sieci\u0105 w firmie<\/li>\n\n\n\n<li>dbanie o&nbsp;bezpiecze\u0144stwo IT<\/li>\n\n\n\n<li>projektowanie i programowanie system\u00f3w<\/li>\n\n\n\n<li>administracja serwerami<\/li>\n\n\n\n<li>wdra\u017canie nowych system\u00f3w&nbsp;i migracje<\/li>\n\n\n\n<li>wdra\u017canie nowych technologii w firmie (np.&nbsp;cloud computing)<\/li>\n\n\n\n<li>projektowanie stron www<\/li>\n\n\n\n<li>pomoc w przypadku r\u00f3\u017cnego rodzaju awarii sprz\u0119tu i systemu<\/li>\n\n\n\n<li>odzyskiwanie danych, kopie zapasowe<\/li>\n\n\n\n<li>pomoc w instalacji i szkolenia z oprogramowania<\/li>\n\n\n\n<li>prognozy,&nbsp;audyty, analizy IT<\/li>\n\n\n\n<li>konserwacja i naprawa sprz\u0119tu komputerowego<\/li>\n\n\n\n<li>tworzenie dedykowanych rozwi\u0105za\u0144 i oprogramowania<\/li>\n\n\n\n<li>ochrona danych osobowych (wdro\u017cenia RODO)<\/li>\n\n\n\n<li>monitoring IT<\/li>\n\n\n\n<li>konsultacje techniczne i doradztwo<\/li>\n\n\n\n<li>wdro\u017cenia bran\u017cowe i indywidualne<\/li>\n<\/ul>\n\n\n\n<figure class=\"wp-block-image size-full\"><img loading=\"lazy\" decoding=\"async\" width=\"1000\" height=\"667\" src=\"http:\/\/discom.pl\/wp-content\/uploads\/2023\/01\/uslugi-informatyczne-lizard-pl.jpg\" alt=\"\" class=\"wp-image-121\" srcset=\"https:\/\/www.discom.pl\/wp-content\/uploads\/2023\/01\/uslugi-informatyczne-lizard-pl.jpg 1000w, https:\/\/www.discom.pl\/wp-content\/uploads\/2023\/01\/uslugi-informatyczne-lizard-pl-300x200.jpg 300w, https:\/\/www.discom.pl\/wp-content\/uploads\/2023\/01\/uslugi-informatyczne-lizard-pl-768x512.jpg 768w, https:\/\/www.discom.pl\/wp-content\/uploads\/2023\/01\/uslugi-informatyczne-lizard-pl-230x153.jpg 230w, https:\/\/www.discom.pl\/wp-content\/uploads\/2023\/01\/uslugi-informatyczne-lizard-pl-350x233.jpg 350w, https:\/\/www.discom.pl\/wp-content\/uploads\/2023\/01\/uslugi-informatyczne-lizard-pl-480x320.jpg 480w\" sizes=\"auto, (max-width: 1000px) 100vw, 1000px\" \/><\/figure>\n\n\n\n<p><strong>Kiedy warto skorzysta\u0107 z us\u0142ug IT?<\/strong><\/p>\n\n\n\n<ul class=\"wp-block-list\">\n<li>Gdy w firmie powstaj\u0105 nowe stanowiska pracy i musisz zapewni\u0107 pracownikom sprz\u0119t komputerowy, oprogramowanie, kt\u00f3re trzeba jeszcze zaimplementowa\u0107 w istniej\u0105cym \u015brodowisku.<\/li>\n\n\n\n<li>Gdy pojawi\u0105 si\u0119 nowe przepisy, kt\u00f3re b\u0119d\u0105 wymaga\u0142y znacz\u0105cych zmian w firmie (organizacyjnych, techniczny itd.), tak jak na przyk\u0142ad by\u0142o w przypadku RODO<\/li>\n\n\n\n<li>Gdy planujesz poszerzy\u0107 swoj\u0105 ofert\u0119, rozwija\u0107 poszczeg\u00f3lne dzia\u0142y firmowe<\/li>\n\n\n\n<li>Gdy chcesz zabezpieczy\u0107 sw\u00f3j biznes i poprawi\u0107&nbsp;<strong>cyberbezpiecze\u0144stwo<\/strong><\/li>\n\n\n\n<li>Gdy chcesz mie\u0107 dost\u0119p do konsultacji, bie\u017c\u0105cego wsparcia technik\u00f3w<\/li>\n\n\n\n<li>Gdy planujesz zakup sprz\u0119tu, oprogramowania albo jakikolwiek rozw\u00f3j aktualnej infrastruktury<\/li>\n\n\n\n<li>Gdy chcesz mie\u0107 pewno\u015b\u0107, \u017ce awaria sieci albo sprz\u0119tu nie zak\u0142\u00f3ci prawid\u0142owego funkcjonowania firmy<\/li>\n\n\n\n<li>Gdy chcia\u0142by\u015b poprawi\u0107 i zoptymalizowa\u0107 wybrane procesy w firmie<\/li>\n<\/ul>\n","protected":false},"excerpt":{"rendered":"<p>Przyk\u0142ady us\u0142ug informatycznych Kiedy warto skorzysta\u0107 z us\u0142ug IT?<\/p>\n","protected":false},"author":1,"featured_media":0,"parent":0,"menu_order":0,"comment_status":"closed","ping_status":"closed","template":"","meta":{"footnotes":""},"class_list":["post-57","page","type-page","status-publish","hentry"],"_links":{"self":[{"href":"https:\/\/www.discom.pl\/index.php\/wp-json\/wp\/v2\/pages\/57","targetHints":{"allow":["GET"]}}],"collection":[{"href":"https:\/\/www.discom.pl\/index.php\/wp-json\/wp\/v2\/pages"}],"about":[{"href":"https:\/\/www.discom.pl\/index.php\/wp-json\/wp\/v2\/types\/page"}],"author":[{"embeddable":true,"href":"https:\/\/www.discom.pl\/index.php\/wp-json\/wp\/v2\/users\/1"}],"replies":[{"embeddable":true,"href":"https:\/\/www.discom.pl\/index.php\/wp-json\/wp\/v2\/comments?post=57"}],"version-history":[{"count":6,"href":"https:\/\/www.discom.pl\/index.php\/wp-json\/wp\/v2\/pages\/57\/revisions"}],"predecessor-version":[{"id":124,"href":"https:\/\/www.discom.pl\/index.php\/wp-json\/wp\/v2\/pages\/57\/revisions\/124"}],"wp:attachment":[{"href":"https:\/\/www.discom.pl\/index.php\/wp-json\/wp\/v2\/media?parent=57"}],"curies":[{"name":"wp","href":"https:\/\/api.w.org\/{rel}","templated":true}]}}