{"id":61,"date":"2023-01-11T22:52:34","date_gmt":"2023-01-11T22:52:34","guid":{"rendered":"https:\/\/discom.pl\/?page_id=61"},"modified":"2023-01-12T01:24:18","modified_gmt":"2023-01-12T01:24:18","slug":"monitoring-wizyjny-cctv-ip","status":"publish","type":"page","link":"https:\/\/www.discom.pl\/index.php\/monitoring-wizyjny-cctv-ip\/","title":{"rendered":"Monitoring wizyjny CCTV IP"},"content":{"rendered":"\n<p>Instalacja i monta\u017c kamer<\/p>\n\n\n\n<figure class=\"wp-block-image size-full is-resized\"><img loading=\"lazy\" decoding=\"async\" src=\"http:\/\/discom.pl\/wp-content\/uploads\/2023\/01\/images.jpeg\" alt=\"\" class=\"wp-image-125\" width=\"402\" height=\"251\" srcset=\"https:\/\/www.discom.pl\/wp-content\/uploads\/2023\/01\/images.jpeg 284w, https:\/\/www.discom.pl\/wp-content\/uploads\/2023\/01\/images-230x143.jpeg 230w\" sizes=\"auto, (max-width: 402px) 100vw, 402px\" \/><\/figure>\n\n\n\n<p><strong>Profesjonalny<\/strong>&nbsp;i&nbsp;<strong>kompleksowy<\/strong>&nbsp;monta\u017c kamer przemys\u0142owych zabezpieczy Tw\u00f3j obiekt na d\u0142ugie lata.&nbsp;<strong>Bardzo wysoka rozdzielczo\u015b\u0107<\/strong>&nbsp;dzia\u0142ania kamer po\u0142\u0105czona z&nbsp;<strong>ci\u0105g\u0142\u0105 prac\u0105<\/strong>&nbsp;oraz&nbsp;<strong>mo\u017cliwo\u015bci\u0105 zdalnego podgl\u0105du<\/strong>&nbsp;i zarz\u0105dzania urz\u0105dzeniami spowodowa\u0142o to, \u017ce monitoring sta\u0142 si\u0119 najpopularniejszym sposobem zabezpieczenia obiekt\u00f3w publicznych i prywatnych. Postaw na&nbsp;DISCOM, kt\u00f3rej zaufa\u0142y zar\u00f3wno du\u017ce instytucje publiczne, jak i wiele os\u00f3b prywatnych.<\/p>\n\n\n\n<h4 class=\"wp-block-heading\">Wykonujemy:<\/h4>\n\n\n\n<div class=\"wp-block-group\"><div class=\"wp-block-group__inner-container is-layout-constrained wp-block-group-is-layout-constrained\">\n<figure id=\"tablepress-1\" class=\"wp-block-table\"><table><tbody><tr><td><img decoding=\"async\" src=\"https:\/\/gama-instal.pl\/images\/wpkt.png\"><\/td><td>Monta\u017c kamer IP bardzo wysokiej rozdzielczo\u015bci<\/td><\/tr><tr><td><img decoding=\"async\" src=\"https:\/\/gama-instal.pl\/images\/wpkt.png\"><\/td><td>Monta\u017c kamer przemys\u0142owych odpornych na warunki atmosferyczne<\/td><\/tr><tr><td><img decoding=\"async\" src=\"https:\/\/gama-instal.pl\/images\/wpkt.png\"><\/td><td>Instalacja monitoringu dzia\u0142aj\u0105cego w ka\u017cdych warunkach o\u015bwietleniowych<\/td><\/tr><tr><td><img decoding=\"async\" src=\"https:\/\/gama-instal.pl\/images\/wpkt.png\"><\/td><td>Monta\u017c kamer monitoringu odpornych na akty wandalizmu<\/td><\/tr><tr><td><img decoding=\"async\" src=\"https:\/\/gama-instal.pl\/images\/wpkt.png\"><\/td><td>Monta\u017c monitoringu ze zdalnym podgl\u0105dem on-line<\/td><\/tr><\/tbody><\/table><\/figure>\n<\/div><\/div>\n\n\n\n<h3 class=\"wp-block-heading\">ferujemy us\u0142ugi zwi\u0105zane z instalacj\u0105 monitoringu<\/h3>\n\n\n\n<figure class=\"wp-block-table\"><table><tbody><tr><td><img decoding=\"async\" src=\"https:\/\/gama-instal.pl\/images\/monitoring-domu.png\"><\/td><td>DOM\u00d3W<\/td><td><img decoding=\"async\" src=\"https:\/\/gama-instal.pl\/images\/monitoring-sklepow.png\"><\/td><td>SKLEP\u00d3W<\/td><td><img decoding=\"async\" src=\"https:\/\/gama-instal.pl\/images\/monitoring-biur.png\"><\/td><td>BIUR<\/td><\/tr><tr><td><img decoding=\"async\" src=\"https:\/\/gama-instal.pl\/images\/monitoring-parkingow.png\"><\/td><td>PARKING\u00d3W<\/td><td><img decoding=\"async\" src=\"https:\/\/gama-instal.pl\/images\/monitoring-magazynow.png\"><\/td><td>MAGAZYN\u00d3W<\/td><td><img decoding=\"async\" src=\"https:\/\/gama-instal.pl\/images\/monitoring-szkol-i-przedszkoli.png\"><\/td><td>SZK\u00d3\u0141 I PRZEDSZKOLI<\/td><\/tr><tr><td><img decoding=\"async\" src=\"https:\/\/gama-instal.pl\/images\/monitoring-restauracji-i-kawiarnii.png\"><\/td><td>KAWIARNII<\/td><td><img decoding=\"async\" src=\"https:\/\/gama-instal.pl\/images\/monitoring-szpitali.png\"><\/td><td>SZPITALI<\/td><td><img decoding=\"async\" src=\"https:\/\/gama-instal.pl\/images\/monitoring-terenow-zewnetrznych.png\"><\/td><td>TEREN\u00d3W ZEWN\u0118TRZNYCH<\/td><\/tr><\/tbody><\/table><\/figure>\n\n\n\n<figure class=\"wp-block-image size-full\"><img loading=\"lazy\" decoding=\"async\" width=\"800\" height=\"600\" src=\"http:\/\/discom.pl\/wp-content\/uploads\/2023\/01\/monitory.jpg\" alt=\"\" class=\"wp-image-126\" srcset=\"https:\/\/www.discom.pl\/wp-content\/uploads\/2023\/01\/monitory.jpg 800w, https:\/\/www.discom.pl\/wp-content\/uploads\/2023\/01\/monitory-300x225.jpg 300w, https:\/\/www.discom.pl\/wp-content\/uploads\/2023\/01\/monitory-768x576.jpg 768w, https:\/\/www.discom.pl\/wp-content\/uploads\/2023\/01\/monitory-230x173.jpg 230w, https:\/\/www.discom.pl\/wp-content\/uploads\/2023\/01\/monitory-350x263.jpg 350w, https:\/\/www.discom.pl\/wp-content\/uploads\/2023\/01\/monitory-480x360.jpg 480w\" sizes=\"auto, (max-width: 800px) 100vw, 800px\" \/><\/figure>\n\n\n\n<h3 class=\"wp-block-heading\">Dlaczego warto<\/h3>\n\n\n\n<figure class=\"wp-block-table\"><table><tbody><tr><td>Instalator kamer powinien posiada\u0107 fachow\u0105 wiedz\u0119 i do\u015bwiadczenie. Tak jak w przypadku budowy \u2013 powinni\u015bmy j\u0105 zleci\u0107 tylko sprawdzonemu i do\u015bwiadczonemu fachowcowi. Wsp\u00f3\u0142pracuj\u0105c z nami masz pewno\u015b\u0107, \u017ce Tw\u00f3j monitoring firmy, domu czy magazynu b\u0119dzie spe\u0142nia\u0142 najwy\u017csze wymagania bezpiecze\u0144stwa.<\/td><\/tr><\/tbody><\/table><\/figure>\n","protected":false},"excerpt":{"rendered":"<p>Instalacja i monta\u017c kamer Profesjonalny&nbsp;i&nbsp;kompleksowy&nbsp;monta\u017c kamer przemys\u0142owych zabezpieczy Tw\u00f3j obiekt na d\u0142ugie lata.&nbsp;Bardzo wysoka rozdzielczo\u015b\u0107&nbsp;dzia\u0142ania kamer po\u0142\u0105czona z&nbsp;ci\u0105g\u0142\u0105 prac\u0105&nbsp;oraz&nbsp;mo\u017cliwo\u015bci\u0105 zdalnego podgl\u0105du&nbsp;i zarz\u0105dzania urz\u0105dzeniami spowodowa\u0142o to, &hellip;<\/p>\n","protected":false},"author":1,"featured_media":0,"parent":0,"menu_order":0,"comment_status":"closed","ping_status":"closed","template":"","meta":{"footnotes":""},"class_list":["post-61","page","type-page","status-publish","hentry"],"_links":{"self":[{"href":"https:\/\/www.discom.pl\/index.php\/wp-json\/wp\/v2\/pages\/61","targetHints":{"allow":["GET"]}}],"collection":[{"href":"https:\/\/www.discom.pl\/index.php\/wp-json\/wp\/v2\/pages"}],"about":[{"href":"https:\/\/www.discom.pl\/index.php\/wp-json\/wp\/v2\/types\/page"}],"author":[{"embeddable":true,"href":"https:\/\/www.discom.pl\/index.php\/wp-json\/wp\/v2\/users\/1"}],"replies":[{"embeddable":true,"href":"https:\/\/www.discom.pl\/index.php\/wp-json\/wp\/v2\/comments?post=61"}],"version-history":[{"count":5,"href":"https:\/\/www.discom.pl\/index.php\/wp-json\/wp\/v2\/pages\/61\/revisions"}],"predecessor-version":[{"id":128,"href":"https:\/\/www.discom.pl\/index.php\/wp-json\/wp\/v2\/pages\/61\/revisions\/128"}],"wp:attachment":[{"href":"https:\/\/www.discom.pl\/index.php\/wp-json\/wp\/v2\/media?parent=61"}],"curies":[{"name":"wp","href":"https:\/\/api.w.org\/{rel}","templated":true}]}}